-49) a prime number?
False
Suppose -11*i - 26*i + 10900091 = -14*i. Is i a prime number?
False
Suppose -467*s + 920*s + 9507978 = 471*s. Is s a prime number?
False
Let g(h) = 4657*h + 1122. Is g(1) composite?
False
Suppose 0*z + 3*z + 18 = 3*r, -4*z = 2*r. Let f be (-18 - z)/((-4)/10). Is 25616/f + (-3)/(-5) a composite number?
False
Let z be ((-2)/(-2))/((-15)/45). Is (-11356)/(-6) + (-1)/z a prime number?
False
Suppose 0 = 3*n + 3*c - 137097, -135*c = -4*n - 131*c + 182860. Is n composite?
False
Suppose 2*j = -4*p + 180, 5*p + 2*j = -3*j + 220. Suppose -p = -9*o - 1. Suppose -2*d + 1589 = -l, -5*d = l - o*l - 3977. Is d a composite number?
True
Let s(d) = 438*d**3 + 23*d**2 - 19*d + 19. Is s(8) composite?
True
Suppose -5*q + 5*n + 191375 = 0, 99968 = 2*q + 3*n + 23428. Is q a composite number?
False
Let h(y) = 192*y**2 - 2*y - 5. Let t(j) = 3*j - 18. Let w be t(7). Is h(w) composite?
True
Suppose -2*c - 11310 = -i, 0 = 3*i - 6*c + 2*c - 33922. Suppose 4*g - 9750 = i. Is g a composite number?
True
Let l(q) be the first derivative of 3/2*q**2 + 3*q - 9/4*q**4 - 10 + 2/3*q**3. Is l(-2) a prime number?
False
Let j(m) = 126*m**2 - 2*m - 1. Suppose -5*g - 6 + 31 = 4*v, 4*g + v = 20. Suppose 4*r + 10 + 10 = -4*y, -g*y - 3*r - 17 = 0. Is j(y) prime?
True
Let u(i) = -2*i**2 + 4*i. Let j be u(3). Let x(m) = 4 + 5 + 1 - 2*m**3 + 6*m**2 - 6*m. Is x(j) a prime number?
False
Is 29789/(255/(-30) + 9) composite?
True
Let m = -17832 - -10269. Let u = m + 17842. Is u a composite number?
True
Let m(s) be the second derivative of 5*s**4/2 - 3*s**3 + 35*s**2/2 - 2*s - 8. Is m(13) a composite number?
False
Let s be (-9882)/(-270) - (-6)/(-10). Is ((-34284)/16)/(s/(-48)) a prime number?
True
Let q(b) = b**3 + 10*b**2 + 39*b - 451. Is q(36) a composite number?
True
Suppose 0 = -2*o - 13*o + 3*o. Suppose o = -4*s + 2271 + 725. Is s a prime number?
False
Suppose -2582 = -3*n + 97. Let c be ((-9630)/(-120))/(2/16). Suppose -n - c = -5*d. Is d prime?
True
Suppose -22*a + 25*a = 12. Suppose -a*t = 2*q - 249 + 997, -5*q = -2*t - 374. Let d = t + 1980. Is d prime?
False
Suppose 0 = 4*z - 5*l - 46049, -z + 46048 = 3*z - 4*l. Let a = z + -7258. Is a composite?
False
Let m(k) = k**3 + 12*k**2 - 9*k + 56. Let i be m(-13). Is (i + (-50)/4)*(2 - 864) a composite number?
True
Suppose 4*m + 2*c = 24, 2*m - c - c = 6. Suppose -3*o = m*d - 508 - 1714, 3*o = 3*d + 2262. Is o a prime number?
False
Let q be -17 - (12/(-3) - -6). Is -662*(3 + q/2*1) composite?
True
Let h = 3823 - 2450. Let o = 223 + h. Let q = 689 + o. Is q a composite number?
True
Suppose -17*k + 1 - 18 = 0. Is (k - 700)*5*(-9)/45 composite?
False
Suppose 0 = 3*b + o - 3042112, -o = 2*b - 559071 - 1469002. Is b/621 + 2/23 a prime number?
False
Let g(c) = -140*c**3 + 26*c**2 + 5*c - 21. Is g(-10) a composite number?
False
Let q be (5/(-2))/((8 + -7)/(-2)). Suppose -3*c = 5*f - q, 4*c - 2*f = 3*f + 30. Is 5/50*c*2518 a composite number?
False
Let l(n) = 23 - 18*n + 2*n**3 + 9 + 11*n + 12*n - 5*n**2. Is l(13) prime?
False
Let l(t) = -146*t + 311*t - 7 - 146*t + 361*t**2. Is l(3) a prime number?
True
Suppose -65*j + 9362380 = 27*j. Is j a composite number?
True
Suppose -5*x = -3*n + 67829, 5*x = -74*n + 79*n - 113055. Is n prime?
True
Let b(r) = -13*r + 35. Suppose -7*t + 18*t = -55. Let f(x) = -14*x + 35. Let q(u) = t*f(u) + 4*b(u). Is q(9) a composite number?
False
Let t(d) = 2*d**3 - 8*d**2 + 9*d - 2. Let z be -1 + 1/(4/20 - 0). Let b be t(z). Suppose -n = -233 + b. Is n prime?
True
Suppose -3*i - 10 = -16, -5*i = -3*q + 65156. Is q a composite number?
True
Let j = 125386 + -56015. Is j composite?
False
Let j be (-8)/(-24) + 24/9. Let w be ((-4)/(-14))/(j/21 + 0). Suppose w*d - 6*d = -1172. Is d a composite number?
False
Let n = -473 - -461. Let x(c) = 31*c**2 + 12*c - 29. Is x(n) composite?
True
Let a(b) = 64*b**2 - 31*b - 145. Let g be a(-21). Let j = g - 16941. Is j prime?
True
Let z(j) = 153*j + 56. Let y be z(6). Let r = 2012 + y. Is r a composite number?
True
Let z = -1 + 7. Suppose -o - z = 2*o. Is o/3*483/(-14) prime?
True
Suppose -52*l + 31*l + 2498097 = 0. Is l composite?
True
Let l(o) = o**3 - 5*o**2 - 6*o - 3. Let u be ((-120)/(-75))/(1/95*2). Let q = -69 + u. Is l(q) prime?
True
Suppose -6*c = -7*c + 3. Suppose -s = -c*s + 2, -b + 1105 = -3*s. Let k = b + -615. Is k a composite number?
True
Suppose 0 = 5*l - 157*p + 161*p - 745095, 0 = -2*l + 4*p + 298010. Is l prime?
False
Suppose -i + 908 = 2*a + a, 1766 = 2*i - 4*a. Suppose 0 = -c + 1828 + i. Let x = -1514 + c. Is x a prime number?
False
Let a be 39 + 0 + (-3 - 2). Suppose -a*h - 4957 = -35*h. Is h a composite number?
False
Let g be 3/15 + (-38)/(-10). Suppose 4*k = u + g, -3*u + 20 = -k + 5*k. Suppose 0*m - 1 = -m, 2230 = 2*a - u*m. Is a composite?
False
Suppose -6*l = -14 - 16. Suppose 0 = 2*d - 5*u, -u + l = -d - 1. Is (524/d)/(10/(-25)) composite?
False
Let b be (1*6)/(42/(-42)). Is (b - 1)/(2/(-4)) prime?
False
Let l(d) = d**3 + 34*d**2 - 20*d - 31. Let q be l(-32). Let n = 3738 - q. Is n a prime number?
False
Let j(x) = -3*x - 8. Let g be j(-4). Suppose 3*h - 2*p + 2 = 1, 8 = -4*h - g*p. Is (-32 - h)*(-1)/1 a composite number?
False
Suppose 4*s + 2650042 = 5*i, 258073 = i + 2*s - 271927. Is i a prime number?
False
Let s be 4/(-1 - 7)*14. Let c = s + 1. Let w(y) = -230*y + 17. Is w(c) composite?
True
Let n be 2 - ((-1)/(-2) - (-5)/(-10)). Suppose -n*s - 5*v - 44 = -v, v - 97 = 4*s. Is (s + 1)/(-1) - 2 a prime number?
False
Let g(t) = -3*t**2 + 15*t - 5. Let m(i) = -2*i**2 + 8*i - 2. Let v(o) = 3*g(o) - 5*m(o). Let w be (4 + (-8)/(-4))/2. Is v(w) composite?
False
Let z(b) = 5169*b - 338. Is z(11) a composite number?
True
Let n = -11 + 7. Is 6038/12 + n/24 composite?
False
Let i(v) = v**3 + 10*v**2 - 13*v - 2. Let d be i(-11). Let m(s) = -134*s - d*s + 3 + 6. Is m(-7) composite?
False
Suppose 2*p + 1 = 2*l - 5, 5*l + 10 = 0. Let t be (-1 + -1)*(-8)/(-1 - p). Suppose f = 4*g - 11813, 5099 = t*g + 3*f - 6710. Is g prime?
True
Let h(r) = 2645*r**2 - 20*r + 96. Is h(-7) composite?
False
Let w(d) = -d**3 + 6*d**2 + 2*d - 30. Let o be w(5). Suppose 0 = -2*c + o*r + 32307, -8*c + 3*c + 80753 = 2*r. Is c a prime number?
False
Let r = 79 + -39. Let s = r + -36. Suppose 4*l = -s*w + 1896, 0 = l + 2*w - 140 - 335. Is l a composite number?
True
Let d be 30650/20 + (-1)/2. Let z = d - 1047. Is z a prime number?
False
Let t = -800 - -1193. Suppose j + b = 359, 1043 + t = 4*j + b. Is j a prime number?
True
Suppose -q = -2*h + 2994449, 5*q = 30*h - 28*h - 2994477. Is h a composite number?
True
Suppose o = -5*g + 18937, 67*g - 4*o + 11369 = 70*g. Is g composite?
True
Let p(m) = -m**3 + 21*m**2 - 34*m - 26. Let v be p(18). Let i = -169 + v. Let a = i - -464. Is a prime?
False
Let o(s) = 9129*s + 2101. Is o(8) prime?
True
Let t = 134697 + -47686. Is t composite?
False
Let g(o) = 2*o**2 - 3*o + 4. Let h be g(2). Suppose 0 = -4*j + h*j - 5786. Is j a prime number?
False
Suppose -12*i + 286 = -23*i. Is 4/i - (-55281)/13*3 prime?
True
Suppose -282*r + 290*r - 296080 = 0. Suppose 2*k - 4*c - 47854 = 0, 2*k - r = 2*c + 10834. Is k a prime number?
True
Let v = -59417 - -267834. Is v a prime number?
False
Let u = 54299 - -579782. Is u a prime number?
False
Let a = 83 - 34. Suppose -19*i + 8 = -a. Is ((-6)/(-9))/(6001/(-2001) + i) composite?
True
Suppose -l = -k, 2 = -3*k - 0*k + l. Let y be (34/10 + k)*(-840)/(-126). Is 4 - (4 + -3 - y) composite?
False
Suppose -36*n + 12 = -34*n. Suppose -3093 - 585 = -n*z. Is z composite?
False
Let k(j) = 13681*j - 63. Is k(2) prime?
True
Suppose -s = 15*o - 13*o - 448103, -2240455 = -5*s + 2*o. Is s a prime number?
True
Let d(l) = l - 18*l**2 + 19*l**2 + 226 + 657. Let j be d(0). Is j - 2 - 1 - (10 + -8) prime?
False
Suppose -2*m - 331 - 552 = -3*y, -2*y + 4*m + 602 = 0. Suppose -6*d + 2061 = y. Is d a composite number?
True
Let r be 30628/32 + (-5)/40. Let t = 1501 + r. Is t prime?
False
Let j(w) = 12*w**2 + 3*w + 11. Let o(c) = 25*c**2 + 7*c + 21. Let a be (-1)/(-1*1/(-7)). Let b(s) = a*j(s) + 4*o(s). Is b(-6) a prime number?
True
Let l(i) = -312773*i. Is l(-7) prime?
False
Let o(q) = 2*q**3 + 21*q**2 + 26*q - 4. Let x be o(-9). Let d(z) = 162*z + 271. Is d(x) composite?
True
Suppose 5*m + 3*c = 4617526, 114*m - 4*c - 3693976 = 110*m